5/12*z**4. What are the prime factors of l(5)?
2, 3
Let j = 1216 + -503. What are the prime factors of j?
23, 31
Suppose 0 = -3*w - 4*y + 5 - 2, 4*y = 3*w - 27. Let r(b) = 15*b - 6. List the prime factors of r(w).
3, 23
List the prime factors of 3255/6*(-36)/(-21).
2, 3, 5, 31
Let o be 3*2/12*0. Suppose -g = -1, -4*g = 4*r - o*g - 256. What are the prime factors of 14/r - (-32)/18?
2
What are the prime factors of (54/8 - -1)/(10/520)?
13, 31
Let f(p) = p**3 - 4*p**2 + 11. Let z be f(5). What are the prime factors of (122/(-6))/((-4)/z)?
3, 61
Let z be (-15)/5 + (12 - 2). Let v(l) = 0*l + 5*l - 1 - z*l - 14*l**3. What are the prime factors of v(-1)?
3, 5
Suppose 71*z = 90*z - 14421. List the prime factors of z.
3, 11, 23
Let t(i) = 1083*i - 3. What are the prime factors of t(3)?
2, 3, 541
Let j(m) be the second derivative of 0*m**4 + 0 + 2*m - 1/5*m**5 + 3/2*m**2 + 1/2*m**3. List the prime factors of j(-2).
29
Suppose -b - 2*p = -6*b + 1562, 1264 = 4*b + 2*p. What are the prime factors of b?
2, 157
Let n(s) = 38*s. Let r be n(1). Let w be (-36)/(-162) + r/(-9). List the prime factors of w - -3 - (-4 - 8).
11
What are the prime factors of (-25 + 28)*1959/9?
653
Let x(o) = -279*o + 5. List the prime factors of x(-4).
19, 59
Suppose 0 = 3*n - 3*q - 36, -2*n + q - 5*q = -6. Suppose -13*k + 56 = -n*k. What are the prime factors of k?
2, 7
Let j = -1015 - -2343. List the prime factors of j.
2, 83
Suppose 4*k = -k + 2*w + 20, 3*w + 9 = -3*k. Suppose 0 = 3*h + 3*j - 15 + 69, -34 = 3*h - k*j. What are the prime factors of (-522)/h + (-2)/7?
37
Let s be (4 + -2)/((-1)/(-40)). What are the prime factors of (180/s)/(2/40)?
3, 5
What are the prime factors of 52811/121 + 12/22?
19, 23
Let y = 479 + -241. What are the prime factors of y?
2, 7, 17
Let k be -4 + 0 + (17 - (1 - -2)). Suppose 2*w = -3*w + k. List the prime factors of w.
2
Let o(g) = 4*g**2 + 13*g - 60. What are the prime factors of o(9)?
3, 127
Let t be (2/2 - 3) + 7. Suppose j + 4 = -2*k, -5*j - 3*k = -0*j + 27. Let q = t - j. What are the prime factors of q?
11
Suppose -3*c - 4*o = -2*o - 929, 5*o = 3*c - 901. What are the prime factors of c?
307
Let u(x) = -x**2 + x + 897. What are the prime factors of u(0)?
3, 13, 23
Let q(o) = -o**3 - 28*o**2 - 11*o + 12. List the prime factors of q(-28).
2, 5
Let t(a) = -5*a**3 - 5*a**2 + 28*a - 24. What are the prime factors of t(-8)?
2, 3, 83
Let v be 384/176 - 4/22. Suppose -v*x + 154 = -x. What are the prime factors of x?
2, 7, 11
Suppose 0 = 5*i + 35 - 10, 4*i = -4*j - 4. Suppose 5*d + j*y = 1100 - 34, -5*y = 4*d - 860. Suppose -3*a = -8*a + d. What are the prime factors of a?
2, 3, 7
Let i = 92 - 3. List the prime factors of i.
89
List the prime factors of 225/(-300) + 16166/8.
2, 5, 101
Suppose 1208 = -4*s + 8*s. Let a = -206 + s. List the prime factors of a.
2, 3
Suppose 5*c - 136 = -1. Suppose -i + c = -31. What are the prime factors of i?
2, 29
Suppose 3*m - k - 2 = 0, 8 = -2*m - 2*m + 4*k. Let f be -4 - (m + 2 + -4). What are the prime factors of 22*f*4/(-16)?
2, 11
Let s(n) = -33*n - 71. List the prime factors of s(-23).
2, 43
Let i(h) = -7*h**2 - 6*h + 2. Let b(q) = -7*q**2 - 7*q + 3. Suppose 20*d - 23*d - 18 = 0. Let t(j) = d*i(j) + 5*b(j). What are the prime factors of t(2)?
3, 11
Let o(h) be the second derivative of 5*h**3/6 + 5*h**2/2 - h. Let s(a) = a**3 + 8*a**2 + 9*a + 17. Let x be s(-7). What are the prime factors of o(x)?
2, 5
Suppose -n = -2*a + 6543, 2*n - 6549 = -2*a - 3*n. List the prime factors of a.
2, 409
Let b(w) = -13*w - 3. Let s = -13 + 18. Suppose 6*y + 5*t - 9 = 3*y, 15 = s*t. What are the prime factors of b(y)?
23
Suppose -y + 944 + 217 = 0. What are the prime factors of y?
3, 43
Suppose -b = 3 - 3. Suppose -5*y - 2*o + 468 = 0, -y + b*o + 84 = -2*o. List the prime factors of y.
2, 23
Let b(c) be the first derivative of 17*c - 4 + 1/2*c**2. List the prime factors of b(-7).
2, 5
Let x = 9005 - 5968. What are the prime factors of x?
3037
Let s(l) = -283*l + 176. List the prime factors of s(-17).
4987
Let h = 1133 + 2416. List the prime factors of h.
3, 7, 13
List the prime factors of (2 - (-10)/(-4))/(89/(-376114)).
2113
Suppose 0 = f + 13*h - 11*h - 47, 4*f + h = 216. List the prime factors of f.
5, 11
Suppose -w - 2*w = 3*i - 63, -i + 78 = 4*w. Let z = 37 - w. Suppose u = -0*u + z. List the prime factors of u.
2, 3
Let c = 0 - -13. Let s be (4/(-3))/((-2)/(-12)). Let b = s + c. What are the prime factors of b?
5
Let t(s) = -15*s + 13. Suppose -48*x = -50*x - 10. What are the prime factors of t(x)?
2, 11
Let s(l) be the first derivative of l**3/3 - 13*l**2/2 + 5*l - 9. What are the prime factors of s(16)?
53
Suppose -w = 5*m - 135, 94 = 4*m + 4*w - 14. Let h = m - 29. List the prime factors of (h - (-11)/4)*88.
2, 3, 11
Let r(g) = -2*g. Let c be r(5). Let h = c - -13. Suppose -j - 4*z + 7 = 0, h*j - 53 = z - 6. What are the prime factors of j?
3, 5
Let s = 3964 + -1861. What are the prime factors of s?
3, 701
Suppose -3*o - 11 - 7 = 0. Let m(j) = -3*j - 15. Let d(n) = 2*n + 15. Let k(c) = 5*d(c) + 6*m(c). List the prime factors of k(o).
3, 11
Let n = 194 + -138. Suppose 0 = 6*b - 70 - n. What are the prime factors of b?
3, 7
Let m(k) = -6*k**2 - 19*k - 26. Let f(d) = -5*d**2 - 18*d - 25. Let l(b) = -4*f(b) + 3*m(b). List the prime factors of l(-10).
2, 3
Let y = 86 - 78. Suppose -2*w + 242 = -5*p, 4*p - 638 = 3*w - y*w. What are the prime factors of w?
2, 3, 7
Let m(x) = 5 - 8*x - 4 - 8 - 3. List the prime factors of m(-13).
2, 47
Let d be (14/35)/((-3)/(-90)). Let h = d + 35. List the prime factors of h.
47
List the prime factors of 19086/60 + (-4)/40.
2, 3, 53
Let u(o) be the first derivative of 4*o**3/3 - o**2/2 - 3*o + 2. Let y be u(-3). Suppose 4*b - y = -0*b. List the prime factors of b.
3
Suppose -40*b + 28*b + 19740 = 0. What are the prime factors of b?
5, 7, 47
Suppose -3*u + f = -2, -5 = -5*u - 5*f - 15. Suppose 2*y + u*y = 10. Suppose y*r + 19 = 74. List the prime factors of r.
11
Let o(s) = -s**3 - 10*s**2 - 2*s - 38. Let h be o(-10). Suppose -91 = 5*c + 64. Let b = h - c. List the prime factors of b.
13
Let f = -4 + 37. Let p = 84 - f. List the prime factors of p.
3, 17
List the prime factors of 8/(-6)*(13773/(-6) - 1).
2, 1531
Suppose 37*d = 54083 + 37381. What are the prime factors of d?
2, 3, 103
Let a be ((-1)/(-2))/((-11)/(-462)). Let u = 23 - a. Suppose -f - 15 = -u*f. What are the prime factors of f?
3, 5
What are the prime factors of 27/(11 - 2)*431?
3, 431
Suppose 304 = 3*d + 19. Let f = 167 - d. What are the prime factors of f?
2, 3
Let a = 0 + -3. Let v = -8 - -5. What are the prime factors of a/(-2*v/(-36))?
2, 3
Suppose -388 = 6*y - 2722. Let m = y - 164. What are the prime factors of m?
3, 5
Suppose -82*u + 35*u = -76986. What are the prime factors of u?
2, 3, 7, 13
Let v be 9/((-180)/8)*40. List the prime factors of v*(3 - 2)*-5.
2, 5
Let x = 10 + -8. Suppose w - 24 = -4*t + 2*t, -108 = -5*w + x*t. List the prime factors of w.
2, 11
Let g(f) be the second derivative of f**5/20 + f**4 + 5*f**3/3 - 7*f**2 - 2*f. Let x be g(-11). Let y(l) = -15*l + 6. List the prime factors of y(x).
3, 17
Let q be (-3)/6*(-27 - -1). Suppose f - 4 = -g, 0 = -3*f - 5*g + g + q. Suppose 0*d = f*d - 9. List the prime factors of d.
3
Let h = 1310 - 904. List the prime factors of h.
2, 7, 29
Suppose -2*w + 7 = 3. Suppose -4*y = -5*v - 48, -4*v + 2*v - 26 = -w*y. What are the prime factors of y?
17
Suppose -5*r + 360 + 362 = -4*q, -15 = 5*q. What are the prime factors of r?
2, 71
Let x(y) = -y**3 + 11*y**2 + 17*y - 30. Let n be x(12). Suppose 6*a - n = 120. What are the prime factors of a?
5
Let u be 24/(-156) + (-132)/(-13). Let x(s) = s + 2. Let p be x(u). What are the prime factors of p + 4 - (-2 + 2)?
2
Let q(a) = -a + 31. Let b be q(20). Let m(p) = p**2 - 6*p - 1. What are the prime factors of m(b)?
2, 3
Let d(k) = -k**3 - 10*k**2 + k + 4. Let c be d(-10). Let v(n) = -n - 9. Let r be v(c). What are the prime factors of r + 0 - -19 - -1?
17
Suppose -5*u + 0*u + 25 = 0. Let v be (-6)/15 - (-47)/u. Suppose -5*a - j + 57 = 0, -v = 4*j - j. What are the prime factors of a?
2, 3
Let b = 1354 + -714. List the prime factors of b.
2, 5
Let u be (-2 - -1) + 1 + 1. Let o(d) = d. Let h(s) = 10*s - 1. Let j(i) = u*h(i) + 2*o